factors of d(8)?
2, 3, 5
Let k be 27/(-36) + 1150/8. Suppose -5*u = 4*y - 193, -3*y + u + k = 3*u. List the prime factors of y.
47
Let b(o) = -o**3 + 3*o**2 + 3*o + 10. Let i be b(7). List the prime factors of 1/4*-2 - i/2.
2, 41
Suppose 4 = -2*m + 3*k, 0 = 22*k - 20*k. List the prime factors of m/7 - 5514/(-42).
131
List the prime factors of ((-136)/(-6) + -1)/((-4)/(-96)).
2, 5, 13
Suppose 5*i + 5*z = -0*z + 25, 4*z + 12 = 4*i. Let y = i + 15. List the prime factors of y.
19
What are the prime factors of -4*(-6910)/16*2 - 1?
2, 11, 157
Let n = 140 - 197. Suppose 3*u = 2*j - 63, -u - 2*j - 12 - 9 = 0. Let y = u - n. What are the prime factors of y?
2, 3
Let t = 78 + -40. Suppose -3*q = t - 8. Let j(g) = -g**2 - 15*g + 8. What are the prime factors of j(q)?
2, 29
Suppose -20515 = -5*w - u, -11*u + 10*u - 5 = 0. List the prime factors of w.
2, 3, 19
Suppose -2*a + 26 = -74. Suppose -4*v + 65 = 5*n - 2*n, 3*v - a = -n. What are the prime factors of v?
17
Let k = -433 - -778. List the prime factors of k.
3, 5, 23
Let j(i) be the first derivative of -i**4/12 - 3*i**3/2 + 11*i**2/2 + 5*i + 3. Let g(f) be the first derivative of j(f). List the prime factors of g(-5).
31
Let u(l) = l**3 - 10*l**2 - 5*l - 4. Let h be u(12). Let m = h - 112. What are the prime factors of m?
2, 7
Suppose 0 = 2*z - 3*z - 3*f + 638, 5*f = 0. List the prime factors of z.
2, 11, 29
Suppose -4 = -16*d + 28. Suppose -4*s + 118 = -d*m, 2*s - 3*m - 119 = -2*s. What are the prime factors of s?
29
Suppose 4852 = 4*p + 5*a, p + 7*a - 1220 = 4*a. List the prime factors of p.
2, 151
Let y(m) = -m**3 + 5*m**2 + 4*m - 15. Let w be y(6). Let x = 85 - w. What are the prime factors of x?
2, 7
Suppose -p - 258 = 2*p. Suppose c = -2*n - 77, -2*c + 3 = 9. Let k = n - p. What are the prime factors of k?
7
Let z be 3*(-14)/(-9)*3. Suppose z + 30 = k. List the prime factors of k - -9*(-3)/9.
41
Let u be 4/16*(-2 + -2). What are the prime factors of (-15)/10 + (u - (-255)/2)?
5
Suppose 0 = -2*d - 4, -d + 2*d = -5*l + 3. Let k(y) = -6*y + 6*y + 22*y + l. What are the prime factors of k(1)?
23
Let d be (-55)/(-10) - 2/8*2. Suppose 170 = 5*v - 5*s, d*s = -5*v - 0*s + 130. What are the prime factors of v?
2, 3, 5
Suppose 3*y + 2*r - 269 = 26, 85 = y + 4*r. What are the prime factors of y?
101
Let h = 170 - 41. What are the prime factors of h?
3, 43
Let k = -80 + 80. What are the prime factors of k + (-8 - -5 - -67)?
2
Suppose 5*s + 77 = 3*y, 2*s + y + 14 = -2*y. Let x(d) = -d - 19 + 0*d - d. List the prime factors of x(s).
7
Let l = 177 + -126. Let n = 102 - l. What are the prime factors of n?
3, 17
Let o be 1 + (-8*5 - 4). Let t = 106 + o. What are the prime factors of t?
3, 7
Let t be (-1 - -7)*(-10)/(-4). Let f = t - -32. What are the prime factors of f?
47
Suppose 3*k = -q + 2583, -k + 5*q + 510 = -367. What are the prime factors of k?
2, 431
Let z = 257 + -166. What are the prime factors of 4 - 1*(0 - z)?
5, 19
Suppose -2*p + 2*r + 1 = 3, 0 = -4*p + 5*r - 9. Suppose -3*x = -p*x + 30. Let s = 60 - x. List the prime factors of s.
2, 3, 5
Suppose 2*w + 38 = -34. Let i = w - -53. What are the prime factors of i?
17
Suppose 3*x - 5*x = -3*z, 3*z + 18 = -4*x. Let u be 0 - (-4)/(-4)*x. Suppose -2*k - u*h = -4 - 17, -4*h - 72 = -4*k. List the prime factors of k.
3, 5
Suppose n = -5*n + 18. Suppose -r + 460 = n*p + 3*r, 4*p = -2*r + 610. What are the prime factors of p?
2, 19
Suppose -3*z - z = -8. Suppose -z*c + 8 = -8. List the prime factors of c + 43 + 1 + -4.
2, 3
Suppose -2*y = -q + 18, -q - 3*y + 18 = y. Suppose q*z + 490 = 23*z. What are the prime factors of z?
2, 7
Let g = -777 + 1213. What are the prime factors of g?
2, 109
Suppose 0 = -5*r + 20, 0 = -5*w + 2*r + 2698 + 3584. What are the prime factors of w?
2, 17, 37
Suppose -m + 247 = q - 833, -1 = -q. What are the prime factors of m?
13, 83
Let s = -15 - -15. Let x = -4 + 14. Suppose s*b + x = 5*b. What are the prime factors of b?
2
What are the prime factors of (-2)/(-15) + (-3)/45*-9898?
2, 3, 5, 11
Suppose -3*s - 2169 = -5*l, -16*l = -19*l + 5*s + 1311. What are the prime factors of l?
2, 3
Suppose -3*v - 2*h + 2210 = 0, -4*v + 3*h + 3677 = v. What are the prime factors of v?
2, 23
Let q(n) = -n**3 - 7*n**2 - 5*n + 2. Let a be q(-6). Let u be a/6*(-18)/4. Suppose -4*j - b + 18 = -u*j, 3*b = 2*j - 11. List the prime factors of j.
13
Suppose 14*w - 15*w = 39. List the prime factors of (26/w)/(4/(-726)).
11
Let p be 14/(2/(-3) - 4/(-3)). Suppose -3*y - 3*t + p - 3 = 0, 0 = 2*y - 4*t - 30. List the prime factors of y.
3
Let s = -1938 - -4148. What are the prime factors of s?
2, 5, 13, 17
Let d = -46 + 22. Let a = d - -95. List the prime factors of a.
71
Let f = 19 + -15. Suppose 0 = -5*v + r + 45, -r = f*v + v - 35. What are the prime factors of v?
2
What are the prime factors of (7 + (-194)/(-4))*(-544)/(-12)?
2, 17, 37
Suppose -4*q + 2 = -22. Suppose 5*j - 5*p = 130, q*p - 5 = p. Suppose 3*o - 66 = j. What are the prime factors of o?
31
Suppose 2*d - 1677 = -3*m, -6*d = -5*d + 3*m - 831. List the prime factors of d.
2, 3, 47
Suppose 4*q - 6985 = 5*k - 1578, q = 4*k + 1349. List the prime factors of q.
3, 11, 41
Suppose 0 = 9*y - 6*y + 15. Let v(f) = f**3 + 8*f**2 + 4*f + 5. List the prime factors of v(y).
2, 3, 5
Let m(t) = 8*t**2 + 3*t + 9. Let i(q) = -q**2 + q. Let k(v) = 5*i(v) + m(v). List the prime factors of k(-6).
3, 23
Let t(u) = 20*u**3 - u**2 - 7*u + 40. List the prime factors of t(4).
2, 11, 29
Let s(d) = 13*d - 9. Let k(j) = 38*j - 26. Let c(y) = 5*k(y) - 14*s(y). Let g be c(4). What are the prime factors of (-4 - -7)/(6/g)?
2, 7
Let j be (-10)/(-4)*30/25*1. Suppose -j*k = 2*f - 454, -4*f + 458 = 10*k - 7*k. List the prime factors of k.
2, 3, 5
Let j = 40 - -66. What are the prime factors of j?
2, 53
Suppose -5*g - 4*v + 5369 = 0, 0 = -2*g - 2*g + v + 4291. What are the prime factors of g?
29, 37
Let c be (3 - 0) + -2 - -7. Let j = c + -5. Suppose -j*v + 85 = 2*v. What are the prime factors of v?
17
Let b = 24 + -23. Let s(m) = b + 8 + 19*m - 1 - m**2. What are the prime factors of s(17)?
2, 3, 7
Suppose -4*l - l = 15. Let g = l - 0. Let d = g + 15. List the prime factors of d.
2, 3
Suppose 2*r - 141 = 17. Suppose -r = 4*p + 21. Let z = p + 59. List the prime factors of z.
2, 17
Let m be (-23436)/(-10) + 30/75. Suppose 11*c - m = 472. List the prime factors of c.
2
Let x = 34 + 1131. List the prime factors of x.
5, 233
Suppose -5 = -d + z, 12 = -5*d - 5*z + 37. Suppose 0 = 4*p + 2*y - 16, 2 + 3 = -p + 4*y. Suppose o - 4*i = -9, d*i - 28 = -p. What are the prime factors of o?
11
Let y(p) = 133*p + 17. What are the prime factors of y(8)?
23, 47
Suppose -10*a + 60 + 30 = 0. Suppose -8*w - 70 = -3*w. Let g = a - w. What are the prime factors of g?
23
Let o(q) = 8*q - 3. Let u = 5 - -5. Let f = -6 + u. List the prime factors of o(f).
29
Suppose 7*l - 17 = -3. What are the prime factors of 128 + l*(-3 + 10/4)?
127
Let i(q) = -14*q**3 - 4*q**2 - 11*q + 9. What are the prime factors of i(-4)?
3, 5, 59
Let c(u) = -4*u**2 - 11*u + 8. Let m be c(8). Let f be (5 + -1)*m/(-64). Let y = f - 12. What are the prime factors of y?
3
Suppose 48 = 13*w - 17. Suppose -3*u + 365 = 2*q - 0*u, -w*q - 3*u + 926 = 0. What are the prime factors of q?
11, 17
Let y(w) be the third derivative of w**6/120 - w**5/3 + 43*w**4/24 + w**3/3 - 23*w**2. List the prime factors of y(18).
2
Let b be 17/4 + 1/(-4). What are the prime factors of (27 + 1)*(7/b + -1)?
3, 7
Let t(x) = x**3 - 12*x**2 - 3. Let m be t(12). Let q(v) = v**3 + 3*v**2 - 5*v - 4. List the prime factors of q(m).
11
Let u(m) = m**2 + 8*m - 4. Suppose 3*z + 16 + 11 = 0. Let x be u(z). Suppose 3*s - 2*d = 2*s + 24, -5*d = -x*s + 110. List the prime factors of s.
2, 5
Let w(l) = 23*l**2 - 314*l - 23. What are the prime factors of w(18)?
1777
Suppose -5*z - 3*j = -1607, -2*j = -3*z - 4*j + 964. What are the prime factors of z?
2, 7, 23
Let z(f) = -f**2 - 3*f + 2. Let x be z(-6). Let t be 3/(12/x) - 0. List the prime factors of t/((-87)/27 + 3).
2, 3
Suppose -u - 3*v + 807 = -4*v, 4017 = 5*u + 4*v. Suppose 0 = 7*y - u - 259. What are the prime factors of y?
2, 19
Suppose -5544 = 51*z - 59*z. What are the prime factors of z?
3, 7, 11
Let q = -2805 + 4754. List the prime factors of q.
1949
Let h(r) = 